e 5*t + 51131 = y, -3*y - 16*t = -20*t - 153360. What is the units digit of y?
6
Suppose -3284 - 8904 = -4*w. Suppose 3*k - w = 5*n, 0*k = 4*k + n - 4032. What is the tens digit of k?
0
Suppose 2*a + 5*q - 20126 = 0, -2*a = 2*q - 6*q - 20180. What is the tens digit of a?
7
Suppose 0 = -100*k - 144*k + 22690536. What is the hundreds digit of k?
9
Let n = 77 + -78. Let d be (n/(-2))/((-1842)/(-1836) + -1). What is the hundreds digit of d*(0 - 3/(-3))?
1
Suppose -545*d - 27612 = -567*d + 130832. What is the tens digit of d?
0
Let v = -2147 - -7384. What is the hundreds digit of v?
2
Suppose -2*y = 2*d - 3*d - 82, 97 = 3*y + 5*d. Let w = y + -21. Suppose 21*i - 279 = w*i. What is the tens digit of i?
9
Let w(q) = 4889*q - 16476. What is the hundreds digit of w(19)?
4
Let z = -717 + 720. What is the hundreds digit of (-4 - -55)*(6 + z)?
4
Suppose 37 = 3*p - 23. Suppose 4*q + 5*s + p = 0, -s - 8 = s. Suppose -w + 0*w - 3*c + 88 = q, -3*w = -4*c - 329. What is the tens digit of w?
0
Suppose -367*s + 363*s + 12 = 0. Let u be -5 + 57/s + 3. Suppose -u*a + 594 = -6*a. What is the tens digit of a?
5
Let y be (-11)/1*16/16. Let t(v) = -v**2 - 30*v - 6. Let n be t(y). Suppose 0 = -4*l + n + 581. What is the units digit of l?
6
Let h(q) = 466*q - 636. What is the thousands digit of h(11)?
4
Suppose t - 5133 = -11*a + 7*a, -a + 5*t = -1257. What is the hundreds digit of a?
2
Let u(d) = 290*d - 122. What is the thousands digit of u(25)?
7
Suppose -4*u + 6231 = 4*g - 241, -4858 = -3*g - u. What is the hundreds digit of g?
6
Suppose 0 = 12*o - 6*o + 510. Let q(b) = -13*b + 21. Let v be q(-2). Let k = v - o. What is the hundreds digit of k?
1
Let h(w) = w**3 - w**2 - w + 4. Let u be h(0). Let x be ((-45)/(-9))/(5/u). What is the tens digit of (-20)/x*-3 - 4?
1
Let a(s) = -127*s + 1999. Let r be a(16). Suppose -4*o + 396 = 20. Let z = r + o. What is the units digit of z?
1
Let s(k) = 7*k + 2. Let m be s(1). Let t be 3/(m/759) + 9/3. Suppose -t - 80 = -2*i. What is the hundreds digit of i?
1
Let p(j) = 71*j + 23. Let i be p(-3). Let k = i - -133. Let q = 68 - k. What is the hundreds digit of q?
1
Let z(l) = -l**2 - 17*l + 33. Let p be z(-19). Let k(o) = -82*o - 30. Let a be k(p). Suppose 2*q = -3 - 1, -2*q + a = 4*y. What is the tens digit of y?
9
Let w(y) = -y**3 - 3*y**2 - 4*y. Let a(z) = z**3 - 3*z**2 - 5*z + 2. Let v be a(4). Let r(b) = -b**2 - 1. Let x be r(v). What is the units digit of w(x)?
0
Let j(i) = 8*i**2 - 9*i - 96. Suppose 7*c - 21*c - 112 = 0. What is the tens digit of j(c)?
8
Let i be -4 + (44 + -3 - 1). Let x be (-125)/(-9) - (-4)/(i - 0). Suppose 17*s - 585 = x*s. What is the tens digit of s?
9
Suppose 5*k = 8*k - 315. Let b = -100 + k. Suppose z + j = 59, 3*j = -2 + b. What is the tens digit of z?
5
Let z = 7784 + 1512. What is the tens digit of z?
9
What is the tens digit of 12*14/((-168)/(-35439))?
3
Suppose 2*a = 2*t + 70, -4*a + t + 146 + 0 = 0. Suppose -492 = a*f - 41*f. What is the hundreds digit of f?
1
What is the tens digit of (-56522)/(-10) - ((-414)/(-45) - 9)?
5
Let h = 5209 + -3706. Suppose 2*b + 2*c + 183 - h = 0, 0 = -3*c. What is the tens digit of b?
6
Suppose 52*u = -58*u + 561990. What is the hundreds digit of u?
1
Let j = 6585 - 4251. Suppose 0 = 4*p + 2*p - j. Let k = -146 + p. What is the tens digit of k?
4
Let j(u) = 10*u**2 + 20*u - 242. What is the tens digit of j(-15)?
0
Let y = -3475 + 7996. What is the units digit of y?
1
Let k = -164 + 165. Suppose 0 = -l - k - 3, -x = -3*l - 151. What is the units digit of x?
9
Let z(s) = 17*s - 96. Let i be z(9). What is the tens digit of (8531/i)/(1/3)?
4
Suppose 16*j - 13013 = 3*j. Suppose -j = -12*s + 5*s. What is the units digit of s?
3
Let k(z) = z**2 - 19*z + 26. Let q be k(18). Suppose -q*p = -2211 - 685. Let t = p + -160. What is the units digit of t?
2
Let b(a) be the second derivative of a**5/20 + 3*a**4/2 - a**3/6 - 11*a**2/2 - 103*a. What is the hundreds digit of b(4)?
3
Let c(w) = w**3 - 22*w**2 + 23*w - 16. Let s be c(21). Suppose 0 = -s*i + 30*i - 884. What is the tens digit of i?
2
Suppose 33*l = 281210 + 73142 + 2246. What is the thousands digit of l?
0
Suppose -2*d = -3*n - 64, 0 = 2*n - 5*d + 53 + 8. Suppose -3*q - 15 + 138 = 0. Let t = n + q. What is the units digit of t?
3
Suppose -47 = -11*w - 14. What is the units digit of 2 - (0 + w + -6) - -803?
8
Let b(h) = -9*h - 21. Let g(u) = -18*u - 41. Let q(c) = -7*b(c) + 4*g(c). Let k be q(-5). Let n = k + -17. What is the tens digit of n?
1
Suppose -2*y + 9731 = 3*f, -f = -5*y + 8737 + 15616. What is the units digit of y?
0
Let i = -940 - -462. Let x = -335 - i. What is the tens digit of x?
4
Suppose n - z = 4*n - 7431, 0 = -5*n - 4*z + 12385. Suppose -y = 5*h + 3*y - 4099, 3*h - 2*y = n. What is the tens digit of h?
2
Let l(z) = -3*z - 45. Let w be l(-13). Let f be (9/w)/(-3)*4 - -2. What is the tens digit of 2*(46/f + -2)?
1
Let i(h) = -7938*h**3 - 7*h**2 - 17*h - 18. What is the tens digit of i(-2)?
9
Let k(f) = -f**3 + 23*f**2 + 57*f + 704. What is the hundreds digit of k(-13)?
0
Let s(h) be the second derivative of h**4/6 - 2*h**3 - 19*h**2/2 - 84*h. Let v be -2*1 + -3 + -1. What is the units digit of s(v)?
5
What is the tens digit of (59172 - (5 - 0)) + -4 - (16 - 18)?
6
Let h be (-799)/4 + (-3)/(-4) - -2. Let y = h - -221. What is the units digit of y?
4
Suppose 3*r + 28 = -5*d, -2*r + 10 = -3*d - 3. Let p be (-20)/8*r*2. What is the units digit of (-1*1)/(p + 3108/(-621))?
7
What is the hundreds digit of 13920/1 - (32 + (-480)/15)?
9
Suppose -3*l - 76 - 95 = 0. Let a = l - -402. What is the units digit of a?
5
Suppose -4*o = 4*s, 17*s = -5*o + 19*s + 28. Suppose o*n + 2532 = 5*c, -3*n - n = c - 516. What is the tens digit of c?
0
Suppose -32*f + 170576 + 53541 = -305195. What is the ten thousands digit of f?
1
Let a = -1488 - -11644. What is the hundreds digit of a?
1
Suppose 2*r - 3*h + 518 = -0*r, -h - 1278 = 5*r. What is the units digit of (-27)/((-4)/(r/(-12)))?
4
What is the tens digit of (-5 + 1 - -20)/(99/18117)?
2
Let y be 0 - (-8)/28 - (-30220)/(-28). Let z = -748 - y. What is the units digit of z?
1
Let a = 28 - 8. Let v = 23 - a. What is the units digit of 484/16 + v/(-12)?
0
Let w(r) = -210*r - 3387. What is the ten thousands digit of w(-73)?
1
Suppose 5*v = -5*o + 2350, 72*o - 69*o = 3*v + 1404. What is the units digit of o?
9
Let a be -2*(3*(-8)/(-12))/(-2). Suppose -4*z - a*x + 3502 = 0, 5*z - 8*x = -10*x + 4378. What is the tens digit of z?
7
Let h(g) = 13*g - 243. Let b be h(22). Let s = -8 + 5. Let z = b + s. What is the tens digit of z?
4
Let b(c) = c**2 - 109*c - 519. What is the thousands digit of b(-53)?
8
What is the tens digit of (-520)/(-52) + 8*779?
4
Suppose -b - 18193 = -5*o, b = -360 + 357. What is the units digit of o?
8
Let a be (-1380)/(-21) + 16/56. Let n = a - 53. Suppose -5 + 31 = n*r. What is the units digit of r?
2
Suppose 0 = 3*q - 2*q + 69. Let x = q - -92. Suppose 333 + x = 4*j. What is the units digit of j?
9
Let r(w) = -w**2 + 37*w + 13. Suppose -12 - 64 = -4*o. Let j be r(o). Suppose -13*a + 8*a = -j. What is the units digit of a?
1
Suppose -5*v + 2*i + 2*i = -15, 5 = -i. What is the hundreds digit of 644 - -51 - (1 + v)?
6
Let x(a) = -2*a - 84. Let d(n) = -n - 2. Let z(i) = -5*d(i) - x(i). What is the hundreds digit of z(37)?
3
Let m = 2140 + -1027. Let v = m + -609. What is the units digit of v?
4
Let q(o) = -o**2 + 19*o - 25. Let p be (-378)/(-18)*6/7. Let s be q(p). Let w(z) = -3*z - 3. What is the tens digit of w(s)?
1
Suppose 178950 = 15*l - 5*l - 313870. What is the tens digit of l?
8
Let f(v) = -v**3 - 2*v**2 - 16*v + 1190. What is the tens digit of f(0)?
9
Suppose 5*t - 40 - 35 = 0. Suppose h - t = -10. Suppose h*c = 976 - 211. What is the tens digit of c?
5
Let n = -97030 - -168923. What is the thousands digit of n?
1
Suppose -2*k + 18 = 2*a, 3*a - 4*k = -a + 36. Let f be 0*(4 + (-33)/a). Suppose f = d + 4*d - 440. What is the units digit of d?
8
Suppose 4*h - 47084 + 8344 = 0. What is the hundreds digit of h?
6
Let v = 17993 + -8075. What is the tens digit of v?
1
What is the thousands digit of 474288/27 + (1/(-18))/((-16)/(-64))?
7
Suppose w - 24189 + 51 = 26183. What is the tens digit of w?
2
Let k(n) = -2*n**2 - 19*n + 16. Let d be k(-26). Let o 